What is the hundreds digit of 166175?
1
What is the thousands digit of 1062007?
2
What is the millions digit of 37313795?
7
What is the hundred thousands digit of 114475?
1
What is the thousands digit of 692296?
2
What is the hundreds digit of 649824?
8
What is the ten thousands digit of 149460?
4
What is the hundred thousands digit of 1740834?
7
What is the tens digit of 5736511?
1
What is the millions digit of 2217377?
2
What is the tens digit of 167122?
2
What is the ten thousands digit of 12401606?
0
What is the hundred thousands digit of 925794?
9
What is the ten thousands digit of 4602429?
0
What is the hundred thousands digit of 951921?
9
What is the ten thousands digit of 492233?
9
What is the thousands digit of 6757753?
7
What is the units digit of 56418?
8
What is the hundreds digit of 6043857?
8
What is the millions digit of 4658998?
4
What is the hundreds digit of 752445?
4
What is the millions digit of 24580654?
4
What is the units digit of 42186?
6
What is the thousands digit of 1413892?
3
What is the hundreds digit of 17278607?
6
What is the hundreds digit of 135564?
5
What is the ten thousands digit of 8156214?
5
What is the ten millions digit of 21545023?
2
What is the ten millions digit of 22363624?
2
What is the ten thousands digit of 2834477?
3
What is the tens digit of 3255529?
2
What is the hundreds digit of 3122332?
3
What is the ten thousands digit of 39307?
3
What is the hundred thousands digit of 247201?
2
What is the units digit of 1164771?
1
What is the thousands digit of 8567915?
7
What is the millions digit of 8436949?
8
What is the millions digit of 1339463?
1
What is the thousands digit of 465364?
5
What is the ten thousands digit of 169990?
6
What is the units digit of 26506342?
2
What is the tens digit of 486763?
6
What is the thousands digit of 10549470?
9
What is the thousands digit of 2025475?
5
What is the hundreds digit of 4327992?
9
What is the hundreds digit of 249107?
1
What is the thousands digit of 5760526?
0
What is the thousands digit of 1010941?
0
What is the tens digit of 459875?
7
What is the hundred thousands digit of 2497585?
4
What is the millions digit of 11732539?
1
What is the ten millions digit of 11485171?
1
What is the hundred thousands digit of 969023?
9
What is the millions digit of 1653113?
1
What is the hundreds digit of 10756979?
9
What is the hundreds digit of 7680162?
1
What is the hundred thousands digit of 150823?
1
What is the tens digit of 32152?
5
What is the tens digit of 232963?
6
What is the millions digit of 2700724?
2
What is the units digit of 248482?
2
What is the tens digit of 686101?
0
What is the ten thousands digit of 1094165?
9
What is the hundred thousands digit of 133794?
1
What is the ten millions digit of 14979611?
1
What is the hundreds digit of 1264256?
2
What is the millions digit of 8188685?
8
What is the hundred thousands digit of 1850991?
8
What is the thousands digit of 704092?
4
What is the hundred thousands digit of 206634?
2
What is the units digit of 100445?
5
What is the hundreds digit of 890777?
7
What is the ten thousands digit of 311549?
1
What is the units digit of 57032?
2
What is the tens digit of 338399?
9
What is the tens digit of 568750?
5
What is the thousands digit of 223418?
3
What is the tens digit of 48881?
8
What is the units digit of 54924?
4
What is the hundreds digit of 45922?
9
What is the units digit of 7991?
1
What is the hundreds digit of 5012814?
8
What is the units digit of 3146722?
2
What is the hundred thousands digit of 695301?
6
What is the hundred thousands digit of 193658?
1
What is the thousands digit of 2735851?
5
What is the millions digit of 1433210?
1
What is the ten thousands digit of 86209?
8
What is the hundreds digit of 593101?
1
What is the thousands digit of 364558?
4
What is the hundreds digit of 145095?
0
What is the hundreds digit of 4460931?
9
What is the hundred thousands digit of 971166?
9
What is the ten thousands digit of 313713?
1
What is the hundreds digit of 723643?
6
What is the hundred thousands digit of 375408?
3
What is the tens digit of 4689098?
9
What is the tens digit of 5522274?
7
What is the hundreds digit of 99409?
4
What is the tens digit of 4778302?
0
What is the ten thousands digit of 1605891?
0
What is the hundreds digit of 398802?
8
What is the hundred thousands digit of 2992383?
9
What is the tens digit of 343483?
8
What is the tens digit of 99487?
8
What is the hundred thousands digit of 10777257?
7
What is the thousands digit of 17297164?
7
What is the ten thousands digit of 20515274?
1
What is the units digit of 229619?
9
What is the thousands digit of 8297343?
7
What is the units digit of 143254?
4
What is the ten thousands digit of 170847?
7
What is the ten millions digit of 17676989?
1
What is the ten thousands digit of 153119?
5
What is the hundreds digit of 2398136?
1
What is the ten thousands digit of 435684?
3
What is the hundred thousands digit of 3461580?
4
What is the millions digit of 2607115?
2
What is the ten thousands digit of 1696354?
9
What is the hundred thousands digit of 4983845?
9
What is the millions digit of 4066293?
4
What is the units digit of 18900102?
2
What is the ten thousands digit of 562839?
6
What is the units digit of 94833?
3
What is the units digit of 32004737?
7
What is the hundreds digit of 125943?
9
What is the hundreds digit of 339831?
8
What is the thousands digit of 2803139?
3
What is the hundreds digit of 241574?
5
What is the ten thousands digit of 13275885?
7
What is the hundreds digit of 71286?
2
What is the millions digit of 14380702?
4
What is the units digit of 874490?
0
What is the thousands digit of 339962?
9
What is the ten millions digit of 37369941?
3
What is the units digit of 168548?
8
What is the hundreds digit of 3731943?
9
What is the hundred thousands digit of 804400?
8
What is the tens digit of 1308320?
2
What is the tens digit of 66363?
6
What is the ten thousands digit of 5128302?
2
What is the ten thousands digit of 37964?
3
What is the units digit of 960066?
6
What is the tens digit of 279715?
1
What is the thousands digit of 921955?
1
What is the ten thousands digit of 863208?
6
What is the tens digit of 86937?
3
What is the tens digit of 91652?
5
What is the hundred thousands digit of 7732515?
7
What is the units digit of 187010?
0
What is the tens digit of 5595645?
4
What is the hundreds digit of 3376734?
7
What is the tens digit of 1585244?
4
What is the ten thousands digit of 2375373?
7
What is the ten thousands digit of 473733?
7
What is the units digit of 492321?
1
What is the thousands digit of 4932534?
2
What is the tens digit of 2926832?
3
What is the units digit of 5086001?
1
What is the units digit of 1110738?
8
What is the tens digit of 860808?
0
What is the thousands digit of 318817?
8
What is the millions digit of 1084363?
1
What is the hundreds digit of 10421301?
3
What is the tens digit of 1410447?
4
What is the ten thousands digit of 34618?
3
What is the ten thousands digit of 1347053?
4
What is the millions digit of 6901413?
6
What is the units digit of 57982?
2
What is the hundreds digit of 11791507?
5
What is the tens digit of 5818658?
5
What is the millions digit of 4206657?
4
What is the ten thousands digit of 2020045?
2
What is the thousands digit of 1043523?
3
What is the units digit of 4665834?
4
What is the hundred thousands digit of 237861?
2
What is the thousands digit of 3419858?
9
What is the units digit of 1861722?
2
What is the ten thousands digit of 429952?
2
What is the hundreds digit of 20970259?
2
What is the ten thousands digit of 31210018?
1
What is the tens digit of 116590?
9
What is the thousands digit of 243227?
3
What is the units digit of 6207?
7
What is the millions digit of 3231052?
3
What is the ten thousands digit of 3147549?
4
What is the ten thousands digit of 6095855?
9
What is the hundred thousands digit of 2394365?
3
What is the hundred thousands digit of 6696013?
6
What is the hundreds digit of 296080?
0
What is the millions digit of 5659921?
5
What is the hundred thousands digit of 3993864?
9
What is the tens digit of 34464344?
4
What is the ten thousands digit of 711682?
1
What is the hundreds digit of 35891?
8
What is the hundreds digit of 496?
4
What is 